-3
11 (base 16) to base 3
122
What is -14 (base 15) in base 14?
-15
What is 32 (base 6) in base 9?
22
What is -12 (base 5) in base 11?
-7
3a (base 11) to base 12
37
35 (base 10) to base 16
23
1111 (base 2) to base 10
15
-a (base 16) to base 6
-14
Convert 143 (base 6) to base 7.
120
-2 (base 4) to base 12
-2
Convert -1b (base 13) to base 3.
-220
203 (base 5) to base 4
311
What is -18 (base 16) in base 10?
-24
What is 0 (base 11) in base 2?
0
-4 (base 6) to base 15
-4
What is 47 (base 13) in base 8?
73
Convert 3 (base 7) to base 2.
11
-111 (base 2) to base 3
-21
208 (base 9) to base 8
252
-3 (base 16) to base 9
-3
5 (base 6) to base 8
5
What is 8 (base 16) in base 11?
8
Convert 101 (base 6) to base 3.
1101
Convert 12 (base 8) to base 4.
22
Convert -135 (base 6) to base 5.
-214
Convert -10 (base 9) to base 15.
-9
13 (base 15) to base 8
22
Convert -101 (base 5) to base 11.
-24
-11 (base 6) to base 14
-7
What is 32 (base 10) in base 8?
40
211 (base 6) to base 5
304
What is 5 (base 6) in base 12?
5
What is -324 (base 6) in base 15?
-84
11 (base 4) to base 7
5
5 (base 12) to base 9
5
Convert -86 (base 15) to base 16.
-7e
-343 (base 5) to base 7
-200
70 (base 8) to base 11
51
-2000 (base 4) to base 8
-200
Convert 1 (base 4) to base 2.
1
Convert -53 (base 15) to base 5.
-303
-16b (base 14) to base 5
-2131
-3 (base 4) to base 8
-3
-10010000 (base 2) to base 11
-121
Convert 1 (base 9) to base 5.
1
Convert -111 (base 4) to base 11.
-1a
Convert 2 (base 8) to base 10.
2
22 (base 8) to base 9
20
What is -2 (base 15) in base 14?
-2
What is -26 (base 16) in base 4?
-212
Convert -1022 (base 3) to base 11.
-32
0 (base 4) to base 2
0
Convert -1 (base 3) to base 10.
-1
Convert 12210 (base 3) to base 14.
b2
Convert 7 (base 9) to base 15.
7
4 (base 15) to base 11
4
What is -36 (base 14) in base 15?
-33
What is -2 (base 8) in base 6?
-2
Convert 101 (base 7) to base 15.
35
Convert -46 (base 7) to base 2.
-100010
121 (base 8) to base 6
213
133 (base 9) to base 13
87
Convert -9 (base 13) to base 14.
-9
What is -24 (base 15) in base 4?
-202
Convert 8 (base 11) to base 4.
20
Convert 157 (base 9) to base 4.
2011
Convert -10 (base 6) to base 11.
-6
What is 2 (base 3) in base 16?
2
What is 130 (base 4) in base 14?
20
2 (base 12) to base 3
2
What is 11 (base 2) in base 12?
3
Convert -210 (base 4) to base 16.
-24
4 (base 12) to base 8
4
4 (base 9) to base 8
4
0 (base 6) to base 8
0
What is 2 (base 8) in base 15?
2
What is 1100 (base 3) in base 8?
44
2 (base 12) to base 9
2
Convert -10 (base 11) to base 15.
-b
Convert -1211 (base 5) to base 14.
-cd
Convert e (base 16) to base 3.
112
What is 3 (base 8) in base 14?
3
3 (base 9) to base 2
11
Convert 15 (base 13) to base 8.
22
15 (base 16) to base 5
41
Convert 53 (base 8) to base 5.
133
What is -2 (base 4) in base 10?
-2
-55 (base 11) to base 14
-44
-2 (base 8) to base 10
-2
Convert 155 (base 14) to base 2.
100001111
10 (base 10) to base 4
22
What is -8 (base 15) in base 13?
-8
33 (base 10) to base 12
29
Convert -8 (base 11) to base 9.
-8
Convert 59 (base 16) to base 5.
324
503 (base 7) to base 5
1443
What is 25 (base 13) in base 6?
51
Convert -1 (base 7) to base 13.
-1
Convert -22 (base 4) to base 3.
-101
Convert 96 (base 16) to base 12.
106
Convert 2000 (base 3) to base 14.
3c
Convert -1a (base 11) to base 12.
-19
100 (base 2) to base 15
4
-36 (base 16) to base 13
-42
a (base 13) to base 14
a
232 (base 5) to base 15
47
7 (base 12) to base 11
7
What is 20 (base 6) in base 2?
1100
What is -29 (base 11) in base 8?
-37
-1244 (base 5) to base 14
-103
Convert 21121 (base 3) to base 11.
177
-330 (base 9) to base 4
-10032
15 (base 8) to base 10
13
Convert -cc (base 13) to base 15.
-b3
Convert 1 (base 2) to base 6.
1
-2b (base 12) to base 15
-25
3b (base 13) to base 3
1212
Convert 3 (base 8) to base 14.
3
What is 1 (base 8) in base 6?
1
Convert 3 (base 5) to base 6.
3
-13 (base 12) to base 3
-120
Convert -19 (base 10) to base 2.
-10011
-31 (base 8) to base 2
-11001
Convert 112 (base 6) to base 16.
2c
Convert 4 (base 13) to base 4.
10
Convert -2 (base 16) to base 4.
-2
What is -2 (base 3) in base 4?
-2
14 (base 6) to base 5
20
What is 6 (base 9) in base 12?
6
What is -2 (base 15) in base 7?
-2
What is -11111 (base 2) in base 15?
-21
Convert 1 (base 15) to base 2.
1
Convert 29 (base 11) to base 5.
111
Convert -45 (base 9) to base 6.
-105
11222 (base 3) to base 8
206
What is 0 (base 4) in base 12?
0
15 (base 6) to base 2
1011
Convert -21 (base 5) to base 8.
-13
Convert -2 (base 8) to base 14.
-2
-56 (base 10) to base 8
-70
What is 64 (base 9) in base 8?
72
Convert 1031 (base 5) to base 10.
141
3 (base 11) to base 7
3
a (base 12) to base 3
101
What is 18 (base 11) in base 4?
103
What is 5 (base 16) in base 7?
5
Convert 12 (base 15) to base 3.
122
10121 (base 3) to base 6
241
Convert -38 (base 13) to base 15.
-32
What is -40 (base 15) in base 5?
-220
-10001 (base 2) to base 5
-32
What is 3 (base 4) in base 11?
3
-205 (base 6) to base 12
-65
What is -2 (base 7) in base 16?
-2
What is -30 (base 10) in base 7?
-42
Convert -10 (base 9) to base 8.
-11
What is -d0 (base 14) in base 2?
-10110110
-13 (base 12) to base 3
-120
What is 254 (base 7) in base 16?
89
What is 233 (base 5) in base 16?
44
1 (base 2) to base 9
1
Convert 0 (base 4) to base 2.
0
Convert -111 (base 6) to base 16.
-2b
What is 242 (base 5) in base 14?
52
What is 102 (base 5) in base 2?
11011
What is 15 (base 8) in base 3?
111
Convert -11001 (base 2) to base 6.
-41
What is 2d (base 14) in base 13?
32
Convert 116 (base 8) to base 10.
78
What is -16 (base 9) in base 7?
-21
-10 (base 2) to base 3
-2
-332 (base 4) to base 2
-111110
Convert -2 (base 5) to base 7.
-2
What is 2 (base 15) in base 14?
2
-52 (base 9) to base 12
-3b
What is 120 (base 4) in base 5?
44
-101 (base 4) to base 12
-15
What is -42 (base 10) in base 8?
-52
What is 4 (base 8) in base 16?
4
Convert 226 (base 10) to base 9.
271
2 (base 16) to base 6
2
-228 (base 10) to base 15
-103
What is 95 (base 11) in base 7?
206
1 (base 16) to base 6
1
What is -10101 (base 2) in base 12?
-19
What is -100100 (base 2) in base 14?
-28
What is 6 (base 10) in base 2?
110
202 (base 6) to base 3
2202
1 (base 14) to base 4
1
1 (base 16) to base 3
1
What is 3 (base 9) in base 12?
3
a (base 14) to base 15
a
Convert -14 (base 9) to base 7.
-16
1 (base 15) to base 5
1
What is -21 (base 10) in base 4?
-111
-212 (base 6) to base 3
-2222
What is -1a4 (base 11) in base 2?
-11101011
Convert 0 (base 14) to base 4.
0
What is -256 (base 10) in base 8?
-400
18 (base 12) to base 7
26
Convert -1f (base 16) to base 8.
-37
What is 10 (base 4) in base 13?
4
What is -113 (base 5) in base 13?
-27
Convert 37 (base 9) to base 10.
34
What is -10 (base 8) in base 7?
-11
Convert -1 (base 9) to base 5.
-1
Convert -2220 (base 4) to base 10.
-168
-3 (base 16) to base 3
-10
What is -210 (base 3) in base 10?
-21
Convert 12 (base 16) to base 2.
10010
What is 1a (base 13) in base 6?
35
Convert -43 (base 6) to base 4.
-123
-13 (base 11) to base 3
-112
Convert 2 (base 16) to base 5.
2
36 (base 9) to base 2
100001
Convert 0 (base 3) to base 8.
0
1c (base 14) to base 3
222
-3c (base 13) to base 14
-39
12 (base 14) to base 5
31
-11 (base 2) to base 8
-3
-13 (base 4) to base 15
-7
Convert 4 (base 5) to base 12.
4
188 (base 12) to base 5
1443
What is 16 (base 16) in base 10?
22
What is 9 (base 13) in base 2?
1001
What is -22 (base 3) in base 8?
-10
Convert 100011 (base 2) to base 10.
35
Convert 60 (base 10) to base 7.
114
What is -3 (base 13) in base 10?
-3
What is -14 (base 16) in base 6?
-32
-2210 (base 3) to base 7
-135
Convert -13 (base 10) to base 8.
-15
-221 (base 3) to base 8
-31
247 (base 8) to base 5
1132
Convert -4 (base 10) to base 4.
-10
-3b (base 15) to base 3
-2002
What is 15 (base 6) in base 7?
14
-6 (base 15) to base 6
-10
-114 (base 14) to base 2
-11010110
Convert 10 (base 3) to base 8.
3
Convert 33 (base 6) to base 5.
41
What is -7 (base 15) in base 12?
-7
4 (base 6) to base 2
100
Convert -a0 (base 12) to base 13.
-93
164 (base 8) to base 4
1310
33 (base 13) to base 11
39
244 (base 5) to base 2
1001010
33 (base 6) to base 15
16
What is 331 (base 6) in base 9?
151
Convert b8 (base 12) to base 3.
12012
-221 (base 6) to base 3
-10011
Convert 1 (base 15) to base